s digit of y?
1
Suppose 8 = -4*c - 4, -4*u - 1530 = 2*c. What is the units digit of (-2)/4*-1 + u/(-2)?
1
Suppose 2*k + 8 = 28. Suppose 3*f = 0, -3*j - k*f + 1278 = -13*f. What is the units digit of j?
6
Let i(v) = 1920*v - 47. What is the units digit of i(2)?
3
Let z be (-57)/45*6*-5*1. Let y = -1978 + 3490. Suppose 0 = 30*n - z*n + y. What is the hundreds digit of n?
1
Let x(o) = 911*o - 96. Let v be x(-22). What is the units digit of v/(-14) + 51/(-119)?
8
Let f be (-5)/(-2)*(-780)/(-150). Suppose n - 14*j = -f*j + 393, 2*n - 814 = -5*j. What is the tens digit of n?
9
Let k(l) = 85*l**2 + 2*l - 17. Let a be k(3). Suppose -31*s = -30*s - a. What is the hundreds digit of s?
7
Suppose 93*i = -c + 90*i + 1983, 4*i - 24 = 0. What is the tens digit of c?
6
Let t = 52788 + -27791. What is the tens digit of t?
9
Let w = 30704 + -12348. What is the ten thousands digit of w?
1
Suppose 0 = -4*q - 506 - 462. Let i = q + 523. What is the units digit of i?
1
Suppose -3*n - 128*n + 1595449 = 0. What is the tens digit of n?
7
Let n = -18 - -19. Let g be n/((-1)/155*-5). Suppose 2*o = 4*q - 6*q + 8, o + g = 4*q. What is the units digit of q?
7
Let y = 78 + -79. What is the hundreds digit of 3100/(-15)*3/(-2) + y?
3
Suppose 3*m + 11 = 4*a, -2*m + 8 = 5*a - 0*m. Suppose 0 = -a*o + 6. Suppose 0*g = g + 4*r - 99, -o*g = 5*r - 283. What is the units digit of g?
1
Suppose b + 40 = 5*w - 3*b, -b = -3*w + 24. Suppose w*i - 6*i - 1568 = o, 3*i - 2359 = -2*o. What is the tens digit of i?
8
Let a = 16 - 7. Suppose -a = u - 75. Let h = 151 - u. What is the units digit of h?
5
Suppose 2*g = 7*l - 11*l + 40322, -2*g + 2*l + 40322 = 0. Suppose -29*n + g = 64. What is the hundreds digit of n?
6
Suppose -4*g = 4*v - 55820, -2*v + 15632 = -3*g - 12278. What is the tens digit of v?
5
Suppose -201*c = -179*c - 88. Let h(f) = -3*f**2 + 4*f + 4. Let r be h(-3). What is the hundreds digit of c/14 + (-5205)/r?
1
Suppose 0*y - 2*y = -6, 2*b = -5*y - 823. Let w = b + 552. What is the hundreds digit of w?
1
Let m be ((-2)/4)/((-5)/(-170)). Let g be 3*2*m/(-34). Suppose 107 = -g*q + 3*v + 341, v = 4*q - 309. What is the tens digit of q?
7
Let t(y) = -y**3 + 87*y**2 + 46*y + 214. What is the tens digit of t(87)?
1
Let g = 137 + -61. Let j = 85 - g. Suppose -115 = -14*l + j*l. What is the tens digit of l?
2
Let k be -7 - -7 - (-12)/(3/1). Suppose -5*z - k*m + 1854 = -3*z, 0 = -z - 4*m + 929. What is the hundreds digit of z?
9
Let o(c) = 7*c**2 - 43*c + 79. What is the thousands digit of o(24)?
3
Let g be 2/8 + (-3317)/(-124). Suppose -f + 0*f = -g. What is the units digit of f?
7
Let g(p) = p**3 - 7*p**2 - 9*p + 92. Let c = 328 - 322. What is the units digit of g(c)?
2
Let u(w) = 94*w - 24. What is the hundreds digit of u(52)?
8
Suppose -2*r = -5*c - 39950, -3*c + 16 = 22. What is the tens digit of r?
7
Suppose y - 314 = -5*p, -2*y + p - 293 + 888 = 0. What is the hundreds digit of y?
2
Suppose 4*b + a + 17 = 0, 2*b - 5 = -4*a - a. Let u(i) = -77*i - 75. What is the hundreds digit of u(b)?
3
Suppose -119*h + 116*h = -291. Suppose -h*r - 2682 = -103*r. What is the hundreds digit of r?
4
Let d(z) = 699*z**2 + 585*z - 58. What is the units digit of d(9)?
6
Let z(t) = 7*t + 100. Let u be z(-15). What is the units digit of 140 - u - (13 + -4)?
6
Let z = 6118 - 3844. Suppose -5*j + z = 449. What is the tens digit of j?
6
Suppose 58*b = -19158 + 5702. Let q(w) = -21*w + 1. Let y be q(4). Let v = y - b. What is the units digit of v?
9
Suppose -30*s = -20*s - 40. Suppose -4*m + 5*h = 18 + 49, -2*m - s*h - 40 = 0. What is the tens digit of ((-2)/4)/(3/m) + 47?
5
Let b(f) be the second derivative of 4*f**3/3 + 13*f**2/2 - 14*f. Let z(w) = w + 1. Let p(s) = -b(s) - 5*z(s). What is the units digit of p(-9)?
9
Suppose 0 = 5*j, -7*a + 5*a - 5152 = -4*j. Let n = 3939 + a. What is the hundreds digit of n?
3
Let n = 11614 - 1371. What is the tens digit of n?
4
Let o(c) = 62*c**2 - 3*c - 7. Let p be o(-3). Let j = p + -372. Suppose -3*z + j = -37. What is the units digit of z?
5
Let d = -36977 - -52164. What is the hundreds digit of d?
1
Suppose -2739*f + 2722*f = -284767. What is the ten thousands digit of f?
1
Suppose -7145 - 837 = -13*u. What is the units digit of ((-108)/(-72))/(1/u)?
1
Let q(h) = 2*h**2 - h + 51. Suppose 5*m + 66 = -x, 8 = -2*m + 2*x - 16. What is the hundreds digit of q(m)?
4
What is the units digit of ((-3222)/(-27))/(9/57*12/54)?
1
Suppose h = n - 48, 2*h + 2 = 6. Let i be (n/4)/((-1)/2). What is the tens digit of -35*(4 - (-130)/i)?
4
Suppose 0*b + 2*b = 8. Suppose b*r + 5*s = 22, -3*r + 4*s - 2 = -r. Suppose -296 + 101 = -r*y. What is the tens digit of y?
6
Let k = -152 + 154. Suppose k*m - 1768 = -6*m. What is the hundreds digit of m?
2
Let o(b) = -b**3 - 10*b**2 - 2*b - 16. Let i be o(-10). Suppose -q - i*m + 262 = -209, 954 = 2*q - 4*m. What is the tens digit of q?
7
Suppose -29*i + 546 = 10*i. Suppose -3774 - 10450 = -i*t. What is the tens digit of t?
1
Let p = 2896 - 1349. Suppose -3*g - 2*g + 3*i + p = 0, 1551 = 5*g - 4*i. What is the hundreds digit of g?
3
Let h be (42/7)/(2/(-9)). Let g be (-5)/(5/(-3))*h. What is the tens digit of (-12897)/g + (-4)/18 + 3?
6
Suppose -548 + 148 = -5*c. Let i = c + -80. Suppose -3*p + 348 = -0*p + 3*r, i = -4*p + 4*r + 448. What is the units digit of p?
4
What is the tens digit of (2089 + 1 - 7)*(2 + 1)?
4
What is the tens digit of ((-2)/(-6))/(2/82)*(-82 - -769)?
8
Let r(d) be the second derivative of 0*d**2 + 1/2*d**3 - 1/20*d**5 + 3/4*d**4 - 13*d + 0. What is the units digit of r(9)?
7
Let s be (-75)/(-10)*(-1 - (-122)/6). Suppose 395 + s = -10*g. Let d = 23 - g. What is the tens digit of d?
7
Let u(q) = 2*q**3 + 10*q**2 - q + 3. Let b be u(3). Let d(t) = t + 102. Let l be d(0). Let s = b - l. What is the units digit of s?
2
Let i be 387/81 - (-4)/18. Suppose -3*f + 3*l + 948 = 0, -8*l + 7*l = -i*f + 1588. What is the tens digit of f?
1
Let a(h) = 1677*h + 13979. What is the ten thousands digit of a(28)?
6
Suppose -2*s = 3*w + 23, -5*s = -3*w - 10*s - 35. Let j be (-5 - 5)/w*2/4. What is the units digit of 72 + 5/5*j?
3
Suppose 43498 = 12*m - 4502. Suppose m = 39*o - 19*o. What is the units digit of o?
0
Let m = 1 + 127. Let i = -115 - -128. Suppose -12*t = -i*t + m. What is the tens digit of t?
2
Let d(a) = 95*a + 9. Let n be d(-1). Let v = n + 94. Suppose -v*c + 618 = -758. What is the hundreds digit of c?
1
Suppose 4*f + 2*f = 24. Let t be ((-9)/f - -1)*24/(-6). What is the tens digit of (-6430)/(-60) + (t/6 - 1)?
0
Suppose k = -7 + 10. Suppose -6*z + 32 = -4*g - 2*z, -20 = k*g - z. What is the units digit of (3 - -3)/(g/(-201))?
1
Let d = -152 + -52. Let c = -174 - d. What is the tens digit of c?
3
Suppose 75*c - 2705907 - 3690661 = -22*c. What is the ten thousands digit of c?
6
What is the ten thousands digit of (-13 - (-200)/16)*-32252?
1
Let v(w) = 144*w**2 + 94*w - 287. What is the units digit of v(7)?
7
Let b(z) = -1 - 62*z + 27*z**2 + 19*z**2 - 65*z**2 - 2 + 23*z**2. What is the tens digit of b(-9)?
7
Let x(t) = -22*t - 206. Let p be x(-9). What is the tens digit of ((-3)/(-6))/((p/1)/(-7984))?
9
Suppose 3*m = -6*h + 424560, 306338 + 47462 = 5*h + 2*m. What is the tens digit of h?
6
Suppose 33 = -5*g - 3*p - 20, 38 = -2*g + 3*p. Let a(q) = -q**3 - 9*q**2 - 8*q. Let m be a(-6). Let k = g - m. What is the units digit of k?
7
Let p(o) = 334*o**2 + 624*o + 2484. What is the tens digit of p(-4)?
3
Let b be -236 + (9 - 2) + -4. Let r = -575 - b. Let u = -190 - r. What is the tens digit of u?
5
Let w(z) = -969*z + 2313. What is the units digit of w(-25)?
8
Let v(z) = z**3 + 6*z**2 + z + 509. What is the tens digit of v(0)?
0
Let i = 74 - -19. Let h = 97 - i. Suppose 19 = h*s - 281. What is the tens digit of s?
7
Suppose 277*y + 27332962 = 623*y. What is the units digit of y?
7
Suppose 13934*b - 13844*b = 3909690. What is the ten thousands digit of b?
4
Let g(f) = 4110*f + 3094. What is the tens digit of g(4)?
3
Let c = -451 + 454. What is the hundreds digit of 117 + 56/(-21)*c?
1
What is the units digit of (3/((-6)/(-37132)))/(2/1)?
3
Let p = 109 + -106. Suppose 2*g - 3080 = -p*g + 3*y, y - 608 = -g. Suppose 0 = 5*b + 5*a - 1080, 0 = -5*b + 2*b + 4*a + g. What is the units digit of b?
1
Let a = 246 + -215. Suppose 0 = -3*j - 5*